 -5*b - 94. Let o be d(-19). Let z(m) = -15*m**3 + 4*m**2 - 2*m - 1. Let v(y) = -30*y**3 + 7*y**2 - 3*y - 2. Let w(r) = -4*v(r) + 7*z(r). Give w(o).
14
Let u = 16 + -14. Let t(w) = -2*w + 4*w**2 + 0 - 3*w**2 + 0*w**u + 3. Give t(3).
6
Let c(q) = -q**2 - 10*q. Let n be -44*((0 - -2) + (-91)/52). Calculate c(n).
-11
Let b(m) = -4*m - m - 20 + 17 + 10 + 9. Determine b(-12).
76
Let b(m) = -2*m**3 - 18*m**2 + 16*m - 42. Let c be b(-10). Let q(g) = g**3 + 4*g**2 - g - 2. Give q(c).
8
Let b(q) be the first derivative of -q**4/12 - 4*q**3/3 - 4*q**2 - 32*q - 6. Let v(d) be the first derivative of b(d). Give v(-6).
4
Let c(o) be the first derivative of -o**3/3 - o**2/2 - 3*o + 22. What is c(0)?
-3
Suppose 0 = d - 2 - 5. Suppose -d = -4*r - 23. Let y be -2 + r/(0 - 4). Let i(q) = -2*q. Give i(y).
2
Let u(v) = v**2 - 4*v - 1. Suppose y = -2*y - 2*g + 8, -4*g = 5*y - 10. Let n(x) = x - 1. Let i be n(y). Determine u(i).
4
Suppose 2*r = 8, 2*i - 4*r + 46 = 5*i. Suppose -6*d = -i*d + 12. Let g(s) = s**2 - s + 1. Calculate g(d).
7
Let w(l) = -l**3 - 6*l**2 + l - 3. Suppose -2*t = q - 14, -q - 3*t + 24 = -6*t. Suppose 8*g = 5*g - q. Calculate w(g).
-9
Let a be (-20)/8*(-12)/10. Suppose -a*v + 6*b = 2*b - 334, -2*v + 3*b + 223 = 0. Let w(y) = -7*y + v*y**2 - 111*y**2 + 2*y. What is w(-7)?
-14
Let d(x) = 4*x**3 - 16*x**2 + 16*x + 5. Let j(h) = -5*h**3 + 17*h**2 - 17*h - 4. Let k(l) = -6*d(l) - 5*j(l). Give k(-12).
-22
Let i(q) = 0*q**2 - 18227*q + 18245*q - 15 + q**2 + q**2 + 0*q**2. What is i(-10)?
5
Let d(u) = 2*u**2 - 2*u + 2. Let j be -1*(-16 + 0)/1. Suppose 0*t = -2*t + j. Suppose -6*q = -2*q - t. Determine d(q).
6
Suppose -9 = -4*k - 1. Let y(t) = -5 + t + 0 + 4 - 2*t**k. Suppose 2*o - 3*p = -5, 1 = 2*o - 3*p + 2*p. Determine y(o).
-7
Let k(b) = -5*b - 10. Let m(i) = 4*i + 8. Let h(s) = -3*k(s) - 4*m(s). Let o(r) = r**2 - 11*r + 16. Let z be o(8). Determine h(z).
6
Let f(d) = -4*d**2 + 2*d - 6. Let r(m) = -5*m**2 + 2*m - 7. Let t(h) = -6*f(h) + 5*r(h). Let z be 3*6*(-2)/18. Calculate t(z).
1
Let p(h) = 3*h + 4. Suppose -5*r + 50 = -2*g, 0 = -4*g + 4*r + 8 - 84. Let u be (-30)/4*20/g. Let j be 13/(-26) + u/(-4). Give p(j).
-5
Suppose -29*s + 12 = -30*s + 3*f, 3*f - 12 = 0. Let j(c) = 5 - 6*c**3 - 3 - c**2 + 5*c**3. Give j(s).
2
Let x(b) = 4 - 3*b - b + 6*b**2 - 5*b**2. Let l = -15 + 15. Let d be (0 + (1 - l))*3. What is x(d)?
1
Let f(r) be the third derivative of -r**7/1680 - r**6/720 - 3*r**5/20 + r**2. Let v(m) be the third derivative of f(m). Calculate v(-2).
5
Let n(g) = 2 - 68*g**3 - 2*g + 3 - 5 + 69*g**3 - 5 + 5*g**2. Determine n(-4).
19
Suppose -13 = -26*o + 13. Let s(c) = 6*c + 1. Determine s(o).
7
Let x(c) = -c**2 - 2*c + 4. Let d be x(-3). Let y(v) be the second derivative of 11*v**5/20 - v**4/12 + v**2/2 - v + 4. What is y(d)?
11
Let s(q) be the third derivative of q**4/24 - 7*q**3 + 314*q**2. Determine s(28).
-14
Let u(p) = p**2. Let t = 77 + -72. Determine u(t).
25
Suppose -2*w - l + 15 = 0, -w + 6*w - 4*l - 18 = 0. Let j(i) = i**3 - 4*i**2 - 8*i + 7. Calculate j(w).
31
Let h(r) be the third derivative of r**5/60 - r**4/12 - r**3/2 - 39*r**2 + 2. Suppose 5*o + 1 + 9 = 0. Let z be o/8 + (-34)/(-8). Determine h(z).
5
Let d(f) be the first derivative of 3*f**2 + 22*f + 268. Calculate d(-5).
-8
Let i(r) = -902 + 449 + 451 + r. Determine i(13).
11
Let o(j) = -j**3 + 2*j**2 + 5*j - 2. Let z(k) = -k - 3. Let x be z(-5). Let i be (-1*14/(-6))/(6/18). Suppose i = x*u + 1. Determine o(u).
4
Let m(d) = -d**3 - 5*d**2 + 6*d + 4. Suppose p + 0 + 7 = 0. Let f = -22 + 24. Let a be (f - p)*(-4)/6. Give m(a).
4
Let a(j) = -3*j. Let h(q) be the third derivative of q**4/24 - 3*q**3 + 23*q**2. Let d be h(13). What is a(d)?
15
Suppose -22 = -2*y + 5*s, 3*y - 4*s - 12 = 7. Let k(q) = -5*q**3 + 7*q**2 + 3*q + 6. Let j(z) = z**3 + z**2 + z + 1. Let d(g) = -5*j(g) + k(g). Calculate d(y).
-9
Let a(f) = -f**3 - 11*f**2 - 11*f + 12. Let s(y) = y**3 - 9*y**2 + 15*y - 17. Let g be s(7). Give a(g).
22
Let x(v) = -6*v**2 - 5 - 6*v - v**3 + 2*v**2 + 4*v**2 - 4*v**2 + v. What is x(-4)?
15
Suppose 7*q - 42 = -91. Let j(t) = -t**2 - 5*t - 12. Give j(q).
-26
Suppose -5*m - 4 = -7*m. Suppose -2*s = -c - 2, -m*c + 0*s - s = -1. Suppose 2*g - 2*l + c = 2, -18 = 2*g + 3*l. Let v(n) = -n**3 - n**2 + 5*n + 4. Give v(g).
7
Let v(d) be the second derivative of d**5/20 + d**4/2 - d**3/3 - 3*d**2/2 - 5*d - 31. Give v(-6).
9
Let b(n) = 20*n + 1. Suppose -2*z - z + y - 195 = 0, 0 = -5*y. Let m be ((-10)/z + 17/(-26))*-2. Calculate b(m).
21
Let o(a) = -2*a**3 + 10*a**2 - 6. Suppose z + 7*r - 8 = 10*r, -6 = -z + r. Give o(z).
-6
Let a(d) = 137 - 73 + 6*d**2 - 65 - 2*d**3. Calculate a(4).
-33
Let l(n) be the second derivative of n**5/20 + n**4/6 + n - 14. Calculate l(-1).
1
Let m(t) be the first derivative of -9*t**2/2 + t + 776. Determine m(-1).
10
Let d(q) = -3*q**2 - 1 - q**3 + 5713*q + 3*q**2 - 5712*q. Let u(z) = z**2 + 5*z - 8. Let f be u(-6). Give d(f).
5
Let a(h) = 5*h - 1. Let g be (58/(-8))/(-1 + 6/8). Let b = -33 + g. Calculate a(b).
-21
Let l(m) = -24 - 28 - 16 - m + 82 - 14. Suppose 0 = -u + 4*u - 6. Suppose 10 = u*o + 3*j - 4*j, 0 = -o + 3*j + 10. Calculate l(o).
-4
Let c(d) = d**2 + 6*d + 10*d - 20*d + 2 - 3. Determine c(3).
-4
Let o be (-1 + (-16)/6)*(5 - 2). Let c = -4 - o. Let i(v) = v**2 - 8*v - 2. Determine i(c).
-9
Let u(r) = -50*r + 305. Let y be u(6). Let n(l) = -11 + 6*l**2 + l**3 - 2*l**3 - 4*l + 4. Determine n(y).
-2
Let v(x) = x**2 - 7*x + 14. Let s be v(5). Suppose 4*u - 28 = -4*g, 0 = -s*u - 2*g + 4*g - 2. Let p(j) = j**2 - 4*j + 3. Calculate p(u).
-1
Let o(k) = k**3 + 3*k**2 + 2*k + 1. Suppose -4*p = 4*q, 0*q - 6 = p - 2*q. Let l be o(p). Let h(f) = -3*f**2 + f - 1. Determine h(l).
-3
Let x = -357 + 355. Let k = 12 - 7. Let g(c) = k*c + 5*c - 5*c. Determine g(x).
-10
Let k(m) be the second derivative of -m**5/20 - m**4/6 + 3*m**2/2 + 3*m - 7. What is k(-3)?
12
Let w(j) be the first derivative of -19*j**4/4 - 3*j**2/2 - 2*j + 423. Give w(-1).
20
Let a(h) = 2*h**2 - h + 4. Suppose -4*c = 73 + 35. Let d = c - -29. Suppose -4*q - d = -14. Give a(q).
19
Let b(i) = -i**2 + 3*i + 4. Let p be (35/(-28))/(3/(-12)). Suppose c + 2 - 6 = 0. Suppose 2*l + p = -s, c*s - 2*s + 5 = -3*l. Calculate b(s).
-6
Suppose -3*n = 5*r - 5, r + r = -2*n + 2. Let u(t) be the third derivative of 1/60*t**5 + 0 - 1/4*t**4 + 4/3*t**3 + n*t + 3*t**2. What is u(6)?
8
Let m(s) = s**3 + 4*s**2 + 3*s. Suppose -5*z = -4*c - 8, 0 = -c + 5 - 2. Suppose -k - z = 3*b - 0, 0 = 5*b + k + 10. What is m(b)?
0
Let q(k) = -4 - k + 7*k - 7*k + 2. Let d be ((-5)/(-3) + -3)*3. Let o = d + 1. Calculate q(o).
1
Let l be 1/1 + 2/(-4). Let c(x) be the second derivative of 1/20*x**5 - 1/6*x**4 - l*x**2 + 1/6*x**3 + 0 + x. Give c(2).
1
Let x(q) = -3*q + 19. Let t be x(-4). Let r = t + -36. Let l(v) = 4*v + 1. What is l(r)?
-19
Suppose -2*u = 5*c + 5, 2*u = 3*c - 2 + 5. Let j be u + (2 - 3) + 2. Let w(g) = -17 - 2*g + 14 + 4. Calculate w(j).
-1
Let u(v) = 3*v**3 - v**2 + 3*v + 1. Let l(r) = 4*r**3 - 2*r**2 + 3*r. Suppose -j = -4 + 9. Let q(n) = j*u(n) + 4*l(n). What is q(4)?
-1
Let i(t) = -t - 8. Let s(b) = -2*b - 9. Let m(x) = -3*i(x) + 2*s(x). Let v(j) = j - 5. Let r(h) = 4*m(h) + 5*v(h). Determine r(-4).
-5
Let r = 370 - 361. Let f(q) = q**3 - 8*q**2 - 8*q - 12. Calculate f(r).
-3
Let h = -617 - -618. Let j(r) = 38*r**2. Calculate j(h).
38
Let d(v) = -v**2 + 3*v. Suppose 3*n - 25 = -4. Let o(g) = -6*g + 7. Let a(c) = -5*c + 8. Let q(l) = n*a(l) - 6*o(l). Let b be q(-10). Give d(b).
-4
Let b(k) = 3*k - 4. Let a be 14/(-4) - 2/4. Let q = a + 18. Let x be 48/q + (-15)/35. What is b(x)?
5
Let z(a) = a**2 + 6*a - 7. Let h(f) = f**3 + 15*f**2 + 21. Let t be h(-15). Suppose -3*b - 3*c - t = 0, 2*b = -4*c + 4 - 18. Calculate z(b).
0
Suppose -113 = 23*z + 25. Let q(k) = -k**3 - 5*k**2 + 2*k + 2. Give q(z).
26
Let a(b) = 38*b - 8. Let j(k) = -82*k + 17. Let q(x) = -13*a(x) - 6*j(x). Give q(6).
-10
Let r be ((-14)/(-4))/(7/14). Suppose w - r = -11. Let x(z) be the first derivative of z**3/3 + 2*z**2 + z + 2. Give x(w).
1
Let d(j) be the first derivative of 0*j + 1/3*j**3 + 2*j**2 - 5 + 0*j**4 + 1/30*j**5. Let k(n) be the second derivative of d(n). Determine k(2).
10
Suppose w = 2 - 6. Let x(v) be the second derivative of v**4/